006010267 composite?
False
Is 87964071197 a prime number?
True
Is 1041740033 a prime number?
False
Is 3445899563 a composite number?
False
Is 6441131033 prime?
True
Is 18674830417 composite?
False
Is 106332667729 a prime number?
False
Is 1268553731 prime?
True
Is 4317885041 a prime number?
False
Is 86686619 composite?
False
Is 46361902417 a prime number?
False
Is 1755081719 a composite number?
False
Is 1063367077 composite?
True
Is 5513627029 a composite number?
False
Is 107178616451 a composite number?
False
Is 3335232055 a prime number?
False
Is 4176339169 prime?
False
Is 18913279601 composite?
True
Is 7031413031 a prime number?
True
Is 3784597417 prime?
False
Is 6526672337 a composite number?
False
Is 5752066949 a composite number?
False
Is 8341725773 a prime number?
True
Is 2500317667 a composite number?
False
Is 217077163 prime?
False
Is 138376136371 prime?
False
Is 7006926743 a prime number?
True
Is 2177907569 prime?
False
Is 108002713549 prime?
False
Is 10356865355 prime?
False
Is 835608773 a prime number?
True
Is 391577917 prime?
True
Is 1012585261 a composite number?
True
Is 10420465819 a prime number?
True
Is 7846215953 composite?
False
Is 152504438017 a prime number?
True
Is 8260800103 a composite number?
False
Is 921805219 prime?
False
Is 4731093142 a composite number?
True
Is 11867858017 a composite number?
True
Is 16506733415 prime?
False
Is 64400747 composite?
True
Is 16713092509 a prime number?
False
Is 3962507251 a composite number?
True
Is 17947945781 prime?
True
Is 5753471167 a prime number?
True
Is 17907074957 a composite number?
False
Is 2827166801 a prime number?
True
Is 6804020417 a prime number?
True
Is 19006283507 prime?
False
Is 98227553 prime?
False
Is 274749127 prime?
True
Is 153741750719 prime?
True
Is 4327548617 composite?
True
Is 7276385071 a prime number?
False
Is 27989081 a prime number?
False
Is 45067469 a prime number?
True
Is 184918285439 prime?
True
Is 13730011846 a prime number?
False
Is 57441775453 a composite number?
False
Is 876221869 prime?
False
Is 681116539 composite?
False
Is 1377896147 a composite number?
False
Is 8395864309 a composite number?
True
Is 707973709 prime?
False
Is 7189632241 prime?
False
Is 516097733 a prime number?
True
Is 4118376851 prime?
True
Is 9374917823 composite?
True
Is 100433964403 composite?
True
Is 393702083 a composite number?
False
Is 2739407927 a prime number?
True
Is 10090294327 a prime number?
False
Is 2396739391 a prime number?
False
Is 814591517 prime?
False
Is 1663977635 prime?
False
Is 987972329 prime?
True
Is 84929785 prime?
False
Is 1653645769 a composite number?
True
Is 93585529943 prime?
True
Is 4910843549 prime?
True
Is 48792829093 a prime number?
False
Is 27231713491 composite?
False
Is 397070561 prime?
False
Is 26257141 a prime number?
True
Is 28618880977 a prime number?
False
Is 165032869 a composite number?
True
Is 97842320617 a prime number?
False
Is 3415794097 a prime number?
True
Is 1875887527 prime?
True
Is 85932190387 prime?
True
Is 1230219359 a composite number?
False
Is 91930981037 prime?
False
Is 700109057 composite?
True
Is 954373151 composite?
True
Is 14261988779 a composite number?
False
Is 5017889453 a prime number?
True
Is 40518131 a prime number?
False
Is 5844272537 a composite number?
False
Is 337740499 a composite number?
False
Is 119765473 composite?
False
Is 718918379 composite?
False
Is 9756543155 a prime number?
False
Is 1566020293 prime?
True
Is 4908271031 prime?
True
Is 4662764387 a composite number?
False
Is 1277131657 prime?
True
Is 515578481 a composite number?
True
Is 1495886801 a composite number?
True
Is 90573581 a prime number?
False
Is 72917329141 prime?
True
Is 3549560669 a composite number?
False
Is 2945148331 a composite number?
True
Is 6892067669 prime?
True
Is 436197527 prime?
False
Is 2074213693 a prime number?
False
Is 26471982367 composite?
False
Is 1299617 a prime number?
False
Is 313029233 composite?
True
Is 28756496501 a prime number?
True
Is 12673877911 prime?
True
Is 1218972383 composite?
False
Is 11006477359 composite?
False
Is 11790290231 composite?
False
Is 37917967677 prime?
False
Is 29886403 a composite number?
False
Is 73067132983 a composite number?
True
Is 1348132127 prime?
True
Is 2044326259 composite?
False
Is 841472591 prime?
True
Is 15335112187 prime?
True
Is 13775798713 a prime number?
False
Is 1986308381 a prime number?
True
Is 85488820141 prime?
True
Is 209251068203 composite?
False
Is 78771443 a composite number?
False
Is 18131563 a composite number?
False
Is 914998507 a composite number?
False
Is 123883560341 composite?
True
Is 9939727223 composite?
False
Is 632468059 a composite number?
False
Is 15513837199 prime?
False
Is 188283593 a composite number?
False
Is 360944849 composite?
True
Is 3788233105 a composite number?
True
Is 78500677 prime?
True
Is 3915854981 a composite number?
True
Is 134625503 prime?
False
Is 449484907 a prime number?
False
Is 731247977 a prime number?
False
Is 251626144033 composite?
True
Is 420380921 composite?
False
Is 3008295463 prime?
False
Is 1269846091 a composite number?
False
Is 28478885 a composite number?
True
Is 1079495959 a composite number?
False
Is 751586281 a composite number?
False
Is 902995949 a composite number?
True
Is 17292463709 a prime number?
True
Is 487904773 composite?
True
Is 214333673 prime?
True
Is 5983936613 composite?
True
Is 32616259757 a prime number?
True
Is 42341558341 composite?
True
Is 47648095021 a prime number?
True
Is 56902039637 a prime number?
True
Is 314467949 composite?
False
Is 9315020269 prime?
True
Is 2254741279 a composite number?
True
Is 65152861 a composite number?
True
Is 12620042207 a composite number?
False
Is 8722938179 a composite number?
False
Is 10442743433 composite?
True
Is 25877722523 a prime number?
False
Is 49891901 a composite number?
False
Is 525527243 a composite number?
True
Is 41574542159 prime?
True
Is 9962279951 prime?
False
Is 905321033 a composite number?
False
Is 1117711363 a prime number?
False
Is 6631542131 composite?
False
Is 5074859089 a prime number?
False
Is 682463618 composite?
True
Is 5971615651 prime?
True
Is 30752893627 a composite number?
False
Is 13670405299 composite?
False
Is 25699522661 composite?
False
Is 605383997 a prime number?
False
Is 87393587483 a prime number?
True
Is 6047676769 composite?
True
Is 2195874221 prime?
True
Is 4939201807 a prime number?
False
Is 533563033 a prime number?
False
Is 483077950639 a prime number?
True
Is 1468982407 a composite number?
True
Is 1677080333 prime?
False
Is 229398769 prime?
True
Is 671509997 composite?
False
Is 2534373109 a composite number?
True
Is 4847313311 composite?
False
Is 1195975101 a prime number?
False
Is 19814570749 composite?
True
Is 4148382491 composite?
True
Is 676396189 a composite number?
True
Is 1780809991 a prime number?
True
Is 31484882903 a composite number?
False
Is 2098325503 a composite number?
False
Is 9686569469 a composite number?
False
Is 381082699 a prime number?
False
Is 128842725611 a composite number?
False
Is 246280829 prime?
True
Is 1157022203 a composite number?
False
Is 1451741699 a composite number?
True
Is 164557601567 prime?
False
Is 646261757 prime?
True
Is 556024201 a prime number?
False
Is 17923560761 composite?
False
Is 54598688233 prime?
False
Is 4348022797 a prime number?
True
Is 232066409 prime?
True
Is 29392003 prime?
True
Is 430179619 a composite number?
False
Is 3982764167 a prime number?
False
Is 14255243263 prime?
True
Is 39584660407 a composite number?
True
Is 14208634171 a prime number?
True
Is 37832495495 composite?
True
Is 128864111 a prime number?
False
Is 4780926869 prime?
True
Is 3863865563 prime?
False
Is 5008027583 a prime number?
False
Is 124094417 prime?
True
Is 735895247 a composite number?
False
Is 2427317866 a prime number?
False
Is 12783509789 prime?
True
Is 1564653557 a prime number?
True
Is 123192901 a prime number?
False
Is 1489379422 prime?
False
Is 70947979127 composite?
False
Is 1059681769 prime?
True
Is 3848243039 a composite number?
True
Is 121457890153 prime?
True
Is 108599634847 composite?
True
Is 459134167 a prime number?
True
Is 6305389889 prime?
True
Is 160134449 a prime number?
True
Is 10916493299 prime?
False
Is 1364893961 composite?
True
Is 4043438401 a compo